ppose -5*k + 2*y + 3*y = -30, k = -4*y + 21. Let t = x + k. What is the tens digit of t?
1
Let n(z) = z**3 + 2*z**2 - 3*z + 2. Let j be n(-3). Suppose j*a - 12 = 5*t, -3*t - 5 = -a - 0*t. What is the tens digit of a?
1
Let s(l) = 131*l**3 - 3*l + 2. What is the tens digit of s(1)?
3
Suppose -5*a - 4 = 2*o - 10, 2*a + o - 2 = 0. Suppose 5*x + 10 = 5*l, -3*l - a + 6 = -5*x. What is the units digit of l?
3
What is the tens digit of 276/21 + (-1)/7?
1
Let b(c) = -5*c + 4*c + 2 - 4 + c**2. Let u = 16 - 13. What is the units digit of b(u)?
4
Let k = 41 + -4. What is the units digit of k?
7
Let q(v) = -v**2 + 9*v + 4. Let u be q(9). Let r = -2 + u. Suppose 0 = r*i + i - 57. What is the units digit of i?
9
Suppose j = -4*b - 15, -b + 6*b = j - 30. Let a = 0 + b. Let t = a + 9. What is the units digit of t?
4
Let f be 6/(-30) - 1/(-5). Let u be 0*(-1 + f + 0). Suppose u = 3*t - 3*l, 3*t + 1 - 9 = l. What is the units digit of t?
4
Let s(y) = y - 8. Let q(t) = t - 9. Let k(w) = 5*q(w) - 6*s(w). What is the units digit of k(-5)?
8
Suppose -o - 300 = -5*o. Suppose o = 3*k - 27. What is the tens digit of k?
3
Let n(t) = -t**3 + 4*t**2 + 4*t - 1. Let s be n(4). Let q be (-10)/s + 184/6. Suppose 3*w = -p + 3*p - q, 33 = 5*p + 3*w. What is the units digit of p?
9
Let u = -15 + 25. What is the units digit of u?
0
Let j = 33 - -19. What is the units digit of j?
2
Let t = 7 - 10. Let u be 5 - ((1 - -1) + -2). Let k = u + t. What is the units digit of k?
2
Suppose i + m - 252 = 0, 1048 = -3*i + 7*i - 4*m. What is the hundreds digit of i?
2
Suppose 0 = 5*v - 5*m - 5, 3*v + m + 9 = -0*m. Let k be 1 + (2 + -2 - v). Suppose -4*r + 3*r = -1, -k*i = -3*r - 15. What is the units digit of i?
6
Suppose 2*g + 2*h + 11 = -3*h, 2*g + h - 9 = 0. Let q = g - 1. What is the units digit of q?
6
Let p = 9 + -3. What is the units digit of -15*(-10)/p*1?
5
Let l = 70 + -40. Let q = -3 + l. What is the tens digit of q?
2
Suppose 5*y - 530 = -4*p, 0*y = -5*y - 2*p + 520. What is the units digit of y?
2
Suppose 3*d + 3*a = 4*d - 102, -4*a = d - 74. What is the tens digit of d?
9
Let v be (-585)/(-20) + 1/(-4). Suppose -v = -2*j + 15. What is the units digit of j?
2
Let n(h) = h - 4. Let m be n(6). Suppose 3*i - 7*i - 4 = 0. Let x = m - i. What is the units digit of x?
3
Suppose 93 = -7*z + 10*z. What is the units digit of z?
1
Suppose 2*l + 9*l = 187. What is the units digit of l?
7
Suppose -o + 222 = 2*o. What is the units digit of o?
4
Let x(k) = -k**3 + 15*k**2 - 2*k - 44. What is the tens digit of x(14)?
2
Let t be (-60)/(-18)*6/(-5). What is the units digit of 6*t/6*-2?
8
Let b = 86 - 57. What is the units digit of b?
9
Suppose -h = -0*h - 56. Suppose -4*p - 3*f = -5*f - h, 2*p - 5*f = 28. What is the units digit of p?
4
Suppose 4 + 1 = p. Suppose -p*g + 51 = 1. What is the units digit of g?
0
Let h(a) = a**3 + 5*a**2 - 5. Let x be h(-5). Let d(z) be the third derivative of -z**4/24 + 7*z**3/6 + 3*z**2. What is the units digit of d(x)?
2
Let o be (-1)/2 - (-639)/6. Let z be (-6)/33 - o/22. What is the units digit of (-4)/16 + z/(-4)?
1
Suppose -6*p + 8*p = 56. Let o = p + 11. What is the tens digit of o?
3
Let z = -47 + 108. What is the units digit of z?
1
Let t(g) = -g**3 - 3*g**2 + 3*g - 2. Let z be t(-4). Let x(o) = 4*o - 1 - 1 + 1. What is the units digit of x(z)?
7
Suppose -2*l - 132 = -5*l. Let q = -30 + l. What is the units digit of q?
4
Let r(v) = -14*v - 34. What is the hundreds digit of r(-11)?
1
Let j = 236 - 117. What is the units digit of j?
9
Suppose 221 = 5*z - 3*u, z + u + 2*u - 55 = 0. What is the tens digit of z?
4
Let l(u) = -7*u - 2. Let q be l(-4). Let z = q + -16. What is the tens digit of z?
1
Let o be (0/(-2) - -2) + -22. Let t = o - -48. Suppose -2*z = 8 - t. What is the units digit of z?
0
Let j(i) = -i**2 - 3*i + 9 - 3 - 4*i. Let r be j(-8). What is the units digit of (3/r)/((-9)/30)?
5
Suppose -2*b = q - 6 + 1, -26 = -3*q + 5*b. Let i = q + -6. What is the units digit of i?
1
Suppose 4*g - 23 = -3*q, 5*q + 2*g = 3*q + 14. What is the units digit of q?
5
Let b be 90 - (-2)/(-6)*0. What is the tens digit of ((-4)/(-12))/(2/b)?
1
Let i be (-52)/(-12) - (-4)/6. Suppose -x = -i*b - 37, 0 = -x - 4*b + 3 - 11. What is the units digit of x?
2
Suppose -8 - 2 = 2*q. Let w(i) = -i**3 - 4*i**2 + 5*i + 4. Let l be w(q). Suppose l*r + 12 = p, 5*p + 5*r = 4*r + 39. What is the units digit of p?
8
Let b = -2 - -2. Let m = b + -1. What is the units digit of (m - 0)/(1/(-1))?
1
Let t be 2 + (1 - 2) - 6. What is the tens digit of -1 + t/(10/(-28))?
1
What is the tens digit of (-1)/((-855)/(-430) - 2)?
8
Suppose 4*d - 5*d = -25. What is the tens digit of d?
2
Suppose f - 2*s - 7 = 0, 4*f + 0*s + 3*s = -16. Let z(u) = 14*u - 1. Let b be z(f). Let x = b + 33. What is the units digit of x?
8
Suppose u + 2 = 3. Suppose -3*k = -6, 3*q - 4*k = -u - 1. What is the units digit of q?
2
Suppose 4*x = 76 - 8. Suppose 3*z + 85 = 5*t + 2*z, -t - 5*z = -x. What is the units digit of t?
7
Suppose -2*d - 15 - 9 = 4*m, 4*d + 48 = 3*m. What is the units digit of 392/48 - (-2)/d?
8
Let z(j) = j**2 - j - 2. Let r be z(2). Suppose r = -2*v + s, 2*s - 4*s = v - 5. What is the units digit of v?
1
Let c = -1 + 5. Suppose 0*y + y = c*k - 21, -4*k + 19 = y. What is the units digit of (0 - y/(-3))*-3?
1
Let a = -111 - -194. What is the units digit of a?
3
Let s(p) = -p**3 - p**2 - p - 4. What is the tens digit of s(-6)?
8
Let s be -4 + -1 + 2 + 9. Let m = 39 - s. Let a = m - 19. What is the units digit of a?
4
Let n(u) = -u**2 + 3*u + 2. Let r be n(3). Let h(f) = -f**2 - 2*f + 0*f**r + 2*f**2 + 10*f**3 + 1. What is the units digit of h(1)?
0
Let q(a) = a + 5. Suppose 5*x + 9 = 2*x. Let o be q(x). Suppose 4*i - 16 = r, -o*r - 2*i + 4*i = 2. What is the units digit of r?
4
Let z = -12 - -24. Let l = 28 - z. What is the units digit of l?
6
Let z = 141 + -41. What is the tens digit of z?
0
Let z = 5 - 9. Let f(x) = x**3 + 4*x**2 - 2*x - 3. Let b be f(z). Suppose 3*g = b + 10. What is the units digit of g?
5
Let l(x) = -x. Let c be l(-4). Let i = c + -1. Suppose g - 3*p = 0, 4*p - 65 = -0*g - i*g. What is the tens digit of g?
1
Let z = 9 + -6. Let m be -21*-2*z/18. Let q = -6 + m. What is the units digit of q?
1
Suppose 5*i + 151 = 2*f, 2*f - 4*i = -0*i + 152. What is the tens digit of f?
7
Let u be -1 - -2*15/6. Let p be 3/2 - (-14)/u. Suppose p*d - 68 = -4*j, -2*j = -4*d + d - 34. What is the tens digit of j?
1
Suppose -4*b + 6 = j - 1, -2*j = -2*b + 16. Suppose 0 = 5*k + b*h + 41, 0*k + 4*k + 43 = h. Let s = -3 - k. What is the units digit of s?
7
Suppose -4*s = 8 - 0. Let w be 10/((-3)/(3/s)). Suppose -w = -d + 6. What is the units digit of d?
1
Let m(k) = k**3 + 4*k**2 - 7*k - 7. Let s = 4 + -4. Let o be -6 + 1*(1 - s). What is the units digit of m(o)?
3
Let s(w) = w - 7. Let u be s(7). Suppose u = o + 6 - 8. Suppose 34 = -0*h + o*h + 2*d, -3*d = -3. What is the units digit of h?
6
Let j(k) = k**2 - 3*k + 1. Let v be j(2). What is the units digit of 64/8 + 0/v?
8
What is the units digit of ((-38)/(-5))/(3/15)?
8
Let n = -17 + 18. What is the units digit of n?
1
Suppose r - 67 - 7 = 0. What is the units digit of r?
4
Suppose 8*j - 390 = 5*j. What is the hundreds digit of j?
1
Let h be (-4)/6 + 32/12. Suppose h*z - 62 = 24. What is the units digit of z?
3
Let o = 4 - 1. What is the units digit of o?
3
Let a(z) = -3*z. Let s be a(-1). Suppose -m = -3*x + 4, s*x - 2*x - 8 = -m. Let c = 10 - x. What is the units digit of c?
7
Let w(p) = p**3 + 6*p**2 + 5*p - 1. Let b be w(-5). What is the units digit of (-42)/(-8) + b/4?
5
Suppose 0 = 5*i - 26 - 4. Suppose -8*h + 44 = -4*h. Let n = h - i. What is the units digit of n?
5
Suppose 7*f = 6*f + 44. What is the units digit of f?
4
Suppose 5*n - v = 108, v = -3*n - 37 + 97. What is the tens digit of n?
2
Let g(m) = -11*m - 6. What is the tens digit of g(-3)?
2
Let s(k) = -4*k**3 + 9*k**2 + 56. Let h(l) = -l**3 + 2*l**2 + 14. Let b(j) = 9*h(j) - 2*s(j). Let n be b(0). Let v = n + -8. What is the units digit of v?
6
Let n = -9 + 29. What is the units digit of n?
0
What is the units digit of ((-348)/(-10))/(2 + (-16)/10)?
7
What is the hundreds digit of -2 + -1 + 1 - (1 - 252)?
2
Suppose -4*g = 3*v - 17, -6*g + g - v + 13 = 0. What is the units digit of g/8 